ppose -4 = -2*w + 3*p, 5*p + 3 + 7 = 4*w. Let h be (2/(-4))/(1 + 15/(-12)). Calculate the greatest common factor of h and w.
1
Let q = 6 + -46. Let f = q + 48. Let a = 0 + 20. Calculate the highest common divisor of a and f.
4
Let x be 1/3 + 5/(-15). Let v(r) = -4*r + 27. Let d be v(x). Suppose 0*f = 2*f - 486. What is the highest common divisor of d and f?
27
Let f(m) = -m - 8. Let r be 8/(-2)*(-2)/(-4). Let t(d) = 2*d + 9. Let q(n) = r*t(n) - 3*f(n). Let b be q(-6). What is the greatest common factor of 4 and b?
4
Suppose 0 = 2*c - x + 57, 3*c - 4*x = -44 - 34. Let q = -56 - c. Let t be (-4)/(-12) + q/(-3). What is the greatest common factor of 81 and t?
9
Let p = 189 + -126. Let b = -22 + 29. What is the highest common factor of p and b?
7
Let z(m) = -m**2 - 19*m + 22. Let f be z(-16). Let t be (-86)/(-6) - 8/24. Calculate the greatest common factor of f and t.
14
Let v be 1196/10 + 0 - (-478)/1195. What is the greatest common divisor of v and 72?
24
Suppose -2*r + 9 + 11 = 0. What is the greatest common divisor of 290 and r?
10
Let o = 350 - 345. Calculate the greatest common factor of 1 and o.
1
Suppose -3*t = 4*x - 19, 0*x = -t - 2*x + 5. Let f be t/4 + 10/(-40). Calculate the highest common factor of f and 2.
2
Let t be (-6*(-4)/(-24))/((-3)/69). Calculate the greatest common divisor of t and 161.
23
Suppose 63*t + 300 = 68*t. Calculate the greatest common divisor of 30 and t.
30
Let u(b) = -b**3 + 8*b**2 - b - 6. Let l be u(8). Let z = 26 + l. Calculate the greatest common divisor of 12 and z.
12
Let r(t) = -2*t + 34. Let f be r(7). Calculate the highest common divisor of f and 50.
10
Let h = -777 - -903. What is the highest common factor of 1386 and h?
126
Let i be 2*3/(-9)*6. Let n(b) = b**3 + 3*b**2 - 5*b + 3. Let j be n(i). Let d be 10/15*(-3 + (-81)/(-6)). What is the greatest common divisor of j and d?
7
Suppose -2*v = 3*u + 50, -v + 2*u + 54 = -3*v. Let r = -27 - v. What is the greatest common factor of r and 32?
4
Let b(i) = 21*i + 12. Let n be b(-4). Let q = 97 + n. Let z(s) = 19*s**2 + s + 1. Let f be z(3). What is the highest common factor of q and f?
25
Suppose -22*c + 985 = -665. Calculate the highest common divisor of 60 and c.
15
Let y(d) be the first derivative of d**2 - 3*d - 57. Let k = -11 - -18. Let h be y(k). What is the highest common divisor of h and 44?
11
Suppose 4*n - 354 = -3*h + 75, 0 = 5*h + 5. What is the highest common factor of n and 594?
54
Let k = -230 - -698. What is the greatest common divisor of k and 52?
52
Let r = 57 + -45. Let g be (-9)/(-3) + 17 - 2. What is the highest common factor of r and g?
6
Let l be (-10 - -3)/(-1) - -4. Suppose 4*c + 3*a - 32 = 0, c = 2*c - a - 15. What is the greatest common divisor of l and c?
11
Let q = 27 - 25. Let d be q + (-20)/(-5) + -1. What is the highest common factor of d and 15?
5
Let l = 35 - 35. Let z be 6/(l - (-15)/40). Let t(d) = -25*d - 1. Let s be t(-1). Calculate the greatest common divisor of s and z.
8
Let c(j) = 24*j**2 + 5*j**3 - 32 + 0*j**3 - 4*j**3 + 17*j + 25*j. Let u be c(-22). Calculate the highest common divisor of u and 36.
12
Let r(j) = j**3 - 6*j**2 + 4*j - 11. Let n be r(6). Calculate the highest common divisor of n and 221.
13
Let k(b) = 93*b - 894. Let h be k(10). What is the highest common factor of 1548 and h?
36
Suppose -4*l - 60 = -4*q, -2*l + q = -4 + 31. Let y be 502/6 - (-3 - 32/l). Calculate the highest common divisor of y and 56.
28
Suppose -50*p + 230 = -27*p. Suppose -11 = -y + 4. Suppose -z + 25 = -0*z + 3*j, 3*j + y = 0. What is the highest common divisor of p and z?
10
Suppose 13 = -4*t - 3. Let p be (10/t)/((-10)/20). Calculate the highest common factor of 5 and p.
5
Let s be 15/(5 - 1244/250). What is the highest common factor of s and 25?
25
Let q = -7 - -10. Let f be -3*2/q*206. Let g be 1/4 - f/16. Calculate the highest common divisor of g and 26.
26
Let u(y) be the third derivative of y**4/12 - 4*y**3/3 - 5*y**2. Let x be u(5). Calculate the greatest common divisor of x and 3.
1
Let i(x) = x**3 + 2*x**2 - 4*x + 9. Let z be i(2). Let c = -189 + 376. Calculate the highest common divisor of z and c.
17
Suppose 0 = 3*u + 3*x - 39, -17*u = -19*u - 4*x + 30. What is the greatest common divisor of 341 and u?
11
Suppose -3*d = -2*d + 6. Let z be d/((-36)/(-10))*-3. Calculate the highest common factor of 20 and z.
5
Suppose 4*s - 264 = -0*s. What is the greatest common divisor of s and 308?
22
Let h = -1058 + 2389. Calculate the highest common factor of h and 11.
11
Suppose -3*o + 1 = -35. Suppose -o = -6*w - 0. Suppose 7*f - 5*f - 6 = 0. Calculate the greatest common factor of f and w.
1
Let j(f) = -f**2 + 59*f - 358. Let o be j(7). Let w(u) = u**2 - 2*u. Let h be w(6). What is the highest common divisor of h and o?
6
Suppose 5*f - 3*n - 64 = 0, -2*f + 3*f = n + 14. Let q = 54 - 51. Suppose -q*g = -0*c + 2*c - 353, 3*c + 15 = 0. Calculate the highest common factor of f and g.
11
Let f = -423 - -507. What is the greatest common factor of f and 1120?
28
Let i = 1210 - 1006. What is the greatest common factor of i and 18?
6
Suppose -5*y + 48 = 3*q - 0*y, 3*y + 2 = q. What is the greatest common divisor of q and 22?
11
Let z(k) be the second derivative of -17*k**3/6 - 10*k**2 - 7*k. Let i be z(-8). Let v = -81 + i. What is the highest common factor of v and 7?
7
Let g be ((-17)/(-3))/((-12)/(-36)). Suppose -5*x + g = 7, 4*k + 4*x - 712 = 0. What is the highest common factor of k and 11?
11
Let h = -276 - -471. Suppose 2*v = -3*v + h. Calculate the greatest common divisor of v and 26.
13
Let n(a) = a**2 - 16*a + 8. Let v be n(0). What is the greatest common divisor of 1192 and v?
8
Let r(q) = 2*q**2 + 23*q + 2. Let k be r(-12). Let p = 4 + k. Calculate the greatest common factor of p and 2.
2
Suppose 7*d = 4*d. Suppose 2*c = -d*c + 130. Suppose -a - 286 = -5*l - c, -a - 86 = -2*l. What is the highest common divisor of l and 18?
9
Suppose -4*t + 1 = -47. Suppose 3*c - 7 = 101. Let x = 96 + c. Calculate the highest common divisor of t and x.
12
Let g be -3 - (0/1 + -15). Let a = 4 + g. Calculate the greatest common factor of 48 and a.
16
Suppose -5*s = -5*w - 40, 4*s - 149*w - 2 = -150*w. Suppose 0 = -y + 15 + 1. What is the greatest common factor of s and y?
2
Let h = 967 + -904. Calculate the highest common divisor of h and 175.
7
Let c = -101 - -173. Let j = -9 + 12. Suppose 23 + 49 = j*o. What is the highest common divisor of o and c?
24
Let z be (-4)/8*(-440)/5. Calculate the greatest common divisor of 121 and z.
11
Let t = -2913 + 2921. Calculate the highest common factor of t and 64.
8
Suppose -5*q = -n - 11, -4*q + 57 = 3*n - q. Let j(l) = 2*l - 19. Let u be j(n). Calculate the greatest common factor of u and 36.
9
Let q be ((-120)/(-90))/((-2)/(-435)). What is the greatest common factor of q and 10?
10
Let g be ((-9)/(-6))/(5/440)*2. Calculate the highest common factor of g and 110.
22
Let u = 124 - -9. What is the greatest common divisor of 14 and u?
7
Suppose -3*j + 5*a = -35, -5*a + 19 = j - 6. Let q be 30/2*(-24)/(-6 - 0). What is the greatest common divisor of q and j?
15
Let l(t) = t**2 - 12*t + 1. Let x be l(12). Let d be 2 + 1/x + 0. Suppose -5*k - d*n + 8 = -10, 8 = 4*k - 4*n. Calculate the greatest common divisor of 1 and k.
1
Suppose -276 = -21*p + 19*p. What is the greatest common factor of 6 and p?
6
Suppose f = 4*q - f - 156, -118 = -3*q + f. Let c = q + -13. What is the highest common divisor of 9 and c?
9
Let i = 289 - 278. Calculate the greatest common divisor of i and 352.
11
Suppose 0*j = j + 2. Let m be 4 - 6/j - 2. Suppose 0 = -m*f + 2*x + 104, f - 4 = -5*x + 6. Calculate the highest common factor of 60 and f.
20
Suppose 2 + 238 = 10*m. Calculate the greatest common factor of 984 and m.
24
Let v = 39 + -41. Let t be v - (-7*8 + 2). Calculate the greatest common divisor of t and 13.
13
Let b = -87 + 94. Suppose 48 = b*v - v. Calculate the highest common factor of 72 and v.
8
Suppose 5*k = 3795 - 2745. What is the greatest common divisor of k and 30?
30
Let l = -13 + 36. Let t = -229 + 351. Suppose 4*v - 118 - 86 = -5*s, -3*v = -4*s - t. Calculate the greatest common factor of v and l.
23
Let y(q) = 4*q**2 + q - 3. Let i(r) = 5*r**2 - 2. Let u(a) = -2*i(a) + 3*y(a). Let v be u(9). What is the great